 is the greatest common factor of 2342484 and 12?
12
What is the highest common factor of 78072 and 72?
24
What is the highest common divisor of 738885 and 2604?
651
What is the highest common factor of 726 and 2679424?
242
Calculate the greatest common divisor of 3107 and 35269.
13
Calculate the greatest common divisor of 461376 and 234.
18
Calculate the highest common factor of 178143 and 1785.
357
What is the greatest common factor of 123 and 21?
3
Calculate the highest common divisor of 48 and 1030.
2
Calculate the greatest common factor of 21 and 3728214.
21
What is the greatest common factor of 1560 and 2026830?
390
What is the greatest common divisor of 4118 and 6?
2
Calculate the highest common factor of 6941 and 1166.
11
What is the highest common divisor of 118 and 38?
2
Calculate the greatest common divisor of 469805 and 16275.
1085
Calculate the greatest common factor of 686 and 10731.
49
Calculate the highest common divisor of 8026 and 16.
2
What is the greatest common divisor of 963778 and 1962?
218
What is the greatest common divisor of 392 and 270256?
56
Calculate the highest common divisor of 69788 and 876.
292
Calculate the highest common factor of 8 and 3369912.
8
What is the highest common divisor of 3850 and 166705?
385
What is the greatest common factor of 269412 and 9438?
858
What is the highest common factor of 385614 and 74?
74
Calculate the greatest common divisor of 182 and 80548.
26
What is the highest common divisor of 1816 and 10416?
8
Calculate the highest common divisor of 3065 and 15.
5
What is the highest common divisor of 105 and 1435?
35
Calculate the greatest common factor of 173 and 3810671.
173
What is the greatest common divisor of 108 and 3628?
4
Calculate the highest common divisor of 18774 and 168.
42
Calculate the greatest common divisor of 96 and 118644.
12
Calculate the highest common divisor of 889 and 11684.
127
What is the highest common divisor of 728444 and 4?
4
What is the greatest common factor of 184 and 246?
2
Calculate the greatest common factor of 22158 and 2826.
18
Calculate the greatest common divisor of 462 and 28754.
22
Calculate the greatest common divisor of 14 and 978026.
14
What is the greatest common divisor of 2648574 and 2152?
538
Calculate the greatest common factor of 15293 and 2542.
41
What is the highest common factor of 18 and 651177?
9
What is the highest common divisor of 1007 and 49?
1
Calculate the greatest common divisor of 744 and 1536825.
93
Calculate the highest common factor of 1598 and 23834.
34
What is the highest common divisor of 54 and 777141?
27
Calculate the greatest common divisor of 228 and 3004.
4
What is the greatest common divisor of 347 and 105488?
347
What is the highest common factor of 172 and 1387954?
86
Calculate the highest common factor of 62001 and 36.
9
What is the highest common divisor of 106400 and 50?
50
What is the highest common factor of 45356 and 2448?
68
Calculate the greatest common factor of 566016 and 480.
96
What is the greatest common divisor of 1089 and 1145991?
363
What is the greatest common factor of 279488 and 3520?
704
What is the greatest common factor of 1655 and 3?
1
Calculate the greatest common factor of 9834 and 110.
22
What is the highest common factor of 6927 and 3?
3
Calculate the greatest common factor of 64 and 8530656.
32
What is the highest common divisor of 421214 and 470?
94
Calculate the highest common factor of 329 and 93086.
7
Calculate the greatest common factor of 2209 and 1363.
47
What is the greatest common divisor of 143439 and 1047?
1047
Calculate the greatest common divisor of 21689 and 4232.
529
What is the highest common divisor of 55 and 64955?
55
Calculate the highest common factor of 25909 and 26.
13
Calculate the highest common factor of 369 and 87576.
123
What is the highest common divisor of 616 and 753445?
77
What is the highest common factor of 292 and 548?
4
What is the greatest common factor of 31206 and 42?
42
What is the greatest common factor of 5038 and 814?
22
Calculate the highest common factor of 4952 and 56.
8
Calculate the greatest common factor of 1254 and 263241.
33
What is the greatest common divisor of 116667 and 81?
27
Calculate the highest common factor of 311898 and 9847.
229
What is the greatest common factor of 92 and 22586?
46
What is the highest common factor of 1447 and 34?
1
Calculate the highest common divisor of 131224 and 87608.
376
What is the highest common divisor of 386 and 280622?
386
Calculate the greatest common factor of 11994813 and 9.
9
Calculate the highest common divisor of 12 and 628329.
3
What is the greatest common factor of 27 and 2281167?
9
Calculate the highest common factor of 671 and 341051.
61
Calculate the greatest common divisor of 220500 and 1008.
252
Calculate the greatest common factor of 2698 and 2.
2
Calculate the highest common factor of 5364 and 323181.
1341
What is the highest common factor of 15 and 2891985?
15
Calculate the highest common factor of 505064 and 232.
232
What is the greatest common divisor of 35542 and 338?
26
Calculate the highest common divisor of 1704231 and 897.
69
What is the highest common divisor of 221 and 70108?
17
What is the greatest common divisor of 282 and 240546?
282
What is the greatest common divisor of 10 and 234970?
10
Calculate the highest common divisor of 5317 and 1222.
13
Calculate the greatest common factor of 45968 and 272.
272
Calculate the highest common factor of 445300 and 25.
25
What is the highest common factor of 96 and 44592?
48
What is the highest common divisor of 24280 and 16?
8
What is the highest common divisor of 635064 and 28150?
1126
What is the greatest common factor of 937765 and 5476?
1369
Calculate the greatest common divisor of 14720 and 76480.
320
What is the highest common factor of 52 and 309712?
52
What is the greatest common divisor of 915 and 4065?
15
What is the greatest common factor of 440 and 378680?
40
What is the greatest common factor of 15106 and 546?
182
Calculate the greatest common divisor of 3063239 and 401.
401
Calculate the highest common factor of 48 and 13892280.
24
What is the highest common factor of 183268 and 4?
4
What is the highest common factor of 11407295 and 5210?
2605
Calculate the highest common factor of 430294 and 122.
122
Calculate the greatest common factor of 56 and 29128.
8
What is the greatest common divisor of 69 and 45218?
23
Calculate the greatest common divisor of 2359049 and 77.
77
Calculate the greatest common factor of 497160 and 405.
45
What is the greatest common divisor of 57350 and 930?
310
What is the greatest common divisor of 528 and 33440?
176
What is the highest common factor of 3663 and 116217?
333
What is the greatest common factor of 225847 and 503?
503
Calculate the highest common factor of 646625 and 5912.
739
What is the greatest common divisor of 340 and 1056397?
17
What is the greatest common divisor of 4832 and 8758?
302
What is the highest common divisor of 574 and 1189?
41
Calculate the highest common factor of 780 and 602355.
195
Calculate the greatest common factor of 136824 and 1128.
24
Calculate the highest common divisor of 122 and 91134.
122
Calculate the greatest common divisor of 4747 and 29516.
47
What is the highest common factor of 140624 and 704?
176
Calculate the highest common divisor of 79478 and 392.
98
What is the greatest common factor of 1000 and 15125?
125
What is the highest common factor of 6096 and 663448?
1016
Calculate the highest common divisor of 544 and 1568.
32
What is the highest common divisor of 25 and 10975?
25
Calculate the highest common factor of 4174687 and 22.
11
What is the greatest common factor of 29798 and 23594?
94
What is the highest common factor of 97699 and 595?
119
Calculate the highest common factor of 7755 and 138180.
705
Calculate the greatest common divisor of 239183 and 7997.
727
Calculate the greatest common divisor of 162576 and 36.
36
Calculate the highest common divisor of 2718 and 144.
18
What is the greatest common divisor of 3030 and 50295?
15
What is the highest common factor of 1272 and 744?
24
What is the greatest common divisor of 81 and 47?
1
What is the greatest common divisor of 1677320 and 760?
760
Calculate the greatest common fact